{"id":90,"date":"2014-04-21T14:21:05","date_gmt":"2014-04-21T14:21:05","guid":{"rendered":"http:\/\/messebau-werbung.de\/?page_id=90"},"modified":"2016-02-26T17:34:45","modified_gmt":"2016-02-26T17:34:45","slug":"impressum","status":"publish","type":"page","link":"https:\/\/messebau-werbung.de\/?page_id=90","title":{"rendered":"Impressum"},"content":{"rendered":"<h2 class=\"centered\"><span>Impressum<\/span><\/h2>\n<p><strong>Angaben gem\u00e4\u00df \u00a7 5 TMG:<\/strong><br \/>\nRat + R\u00f6sch Messebau-Werbung UG<strong><br \/>\n<\/strong>(haftungsbeschr\u00e4nkt)<strong><br \/>\n<\/strong>Gerhard-Ellrodt-Stra\u00dfe 29 a,b<strong><br \/>\n<\/strong>04249 Leipzig<\/p>\n<p><strong>Vertreten durch:<\/strong><br \/>\nKay R\u00fcdiger<br \/>\n(Gesch\u00e4ftsf\u00fchrer)<\/p>\n<p><strong>Kontakt:<\/strong><br \/>\nFon: +49 (0) 341 42 05 07 56<br \/>\nFax: +49 (0) 341 94 68 70 63<br \/>\nE-Mail: info[a]messebau-werbung.de<\/p>\n<p><strong>Aufsichtsbeh\u00f6rde:<\/strong><br \/>\nIHK Leipzig<br \/>\nGoerdelerring 5<br \/>\n04109 Leipzig<\/p>\n<p><strong>Landesgericht:<\/strong><br \/>\nGerichtsstand Leipzig<\/p>\n<p><strong>Angaben zur Berufshaftpflichtversicherung:<\/strong><br \/>\nAachenerM\u00fcchener Versicherung AG<br \/>\nKundenservice-Direktion Hamburg<br \/>\n20081 Hamburg<\/p>\n<p><strong>Hinweis auf EU-Streitschlichtung<\/strong><br \/>\nDie Europ\u00e4ische Kommission stellt eine Plattform zur Online-Streitbeilegung (OS) bereit: http:\/\/ec.europa.eu\/consumers\/odr<br \/>\nUnsere E-Mail-Adresse finden sie oben im Impressum.<\/p>\n<p>Rat + R\u00f6sch Messebau-Werbung UG pr\u00fcft und aktualisiert regelm\u00e4\u00dfig die Informationen dieser Webseite. Trotz aller Sorgfalt k\u00f6nnen sich in der Zwischenzeit Daten jedoch ver\u00e4ndert haben. Rat + R\u00f6sch Messebau-Werbung UG \u00fcbernimmt keine Gew\u00e4hr f\u00fcr die Aktualit\u00e4t, Richtigkeit und Vollst\u00e4ndigkeit der zur Verf\u00fcgung gestellten Informationen. Weiterhin \u00fcbernimmt der Herausgeber auch keine Haftung oder Garantie f\u00fcr den Inhalt von Webseiten, auf die www.messebau-werbung.de direkt oder indirekt verweist. Die User folgen diesen Verbindungen zu anderen Webseiten auf eigene Gefahr und nutzen diese gem\u00e4\u00df den geltenden Nutzungsbedingungen der jeweiligen Betreiber. Des Weiteren beh\u00e4lt sich Rat + R\u00f6sch Messebau-Werbung UG das Recht vor, \u00c4nderungen oder Erg\u00e4nzungen an bereitgestellten Informationen vorzunehmen. Der Inhalt dieser Webseite ist urheberrechtlich gesch\u00fctzt. Die Verwertung von Texten, Textausschnitten, Bildmaterial oder Grafiken ist ohne der vorherigen, schriftlichen Zustimmung der Rat + R\u00f6sch Messebau-Werbung UG nicht gestattet.<\/p>\n<h2 class=\"centered\"><span>Haftungsausschluss (Disclaimer)<\/span><\/h2>\n<p><strong>Haftung f\u00fcr Inhalte<\/strong><br \/>\nAls Diensteanbieter sind wir gem\u00e4\u00df \u00a7 7 Abs.1 TMG f\u00fcr eigene Inhalte auf diesen Seiten nach den allgemeinen Gesetzen verantwortlich. Nach \u00a7\u00a7 8 bis 10 TMG sind wir als Diensteanbieter jedoch nicht verpflichtet, \u00fcbermittelte oder gespeicherte fremde Informationen zu \u00fcberwachen oder nach Umst\u00e4nden zu forschen, die auf eine rechtswidrige T\u00e4tigkeit hinweisen. Verpflichtungen zur Entfernung oder Sperrung der Nutzung von Informationen nach den allgemeinen Gesetzen bleiben hiervon unber\u00fchrt. Eine diesbez\u00fcgliche Haftung ist jedoch erst ab dem Zeitpunkt der Kenntnis einer konkreten Rechtsverletzung m\u00f6glich. Bei Bekanntwerden von entsprechenden Rechtsverletzungen werden wir diese Inhalte umgehend entfernen.<\/p>\n<p><strong>Haftung f\u00fcr Links<\/strong><br \/>\nUnser Angebot enth\u00e4lt Links zu externen Webseiten Dritter, auf deren Inhalte wir keinen Einfluss haben. Deshalb k\u00f6nnen wir f\u00fcr diese fremden Inhalte auch keine Gew\u00e4hr \u00fcbernehmen. F\u00fcr die Inhalte der verlinkten Seiten ist stets der jeweilige Anbieter oder Betreiber der Seiten verantwortlich. Die verlinkten Seiten wurden zum Zeitpunkt der Verlinkung auf m\u00f6gliche Rechtsverst\u00f6\u00dfe \u00fcberpr\u00fcft. Rechtswidrige Inhalte waren zum Zeitpunkt der Verlinkung nicht erkennbar. Eine permanente inhaltliche Kontrolle der verlinkten Seiten ist jedoch ohne konkrete Anhaltspunkte einer Rechtsverletzung nicht zumutbar. Bei Bekanntwerden von Rechtsverletzungen werden wir derartige Links umgehend entfernen.<\/p>\n<p><strong>Urheberrecht<\/strong><br \/>\nDie durch die Seitenbetreiber erstellten Inhalte und Werke auf diesen Seiten unterliegen dem deutschen Urheberrecht. Die Vervielf\u00e4ltigung, Bearbeitung, Verbreitung und jede Art der Verwertung au\u00dferhalb der Grenzen des Urheberrechtes bed\u00fcrfen der schriftlichen Zustimmung des jeweiligen Autors bzw. Erstellers. Downloads und Kopien dieser Seite sind nur f\u00fcr den privaten, nicht kommerziellen Gebrauch gestattet. Soweit die Inhalte auf dieser Seite nicht vom Betreiber erstellt wurden, werden die Urheberrechte Dritter beachtet. Insbesondere werden Inhalte Dritter als solche gekennzeichnet. Sollten Sie trotzdem auf eine Urheberrechtsverletzung aufmerksam werden, bitten wir um einen entsprechenden Hinweis. Bei Bekanntwerden von Rechtsverletzungen werden wir derartige Inhalte umgehend entfernen.<\/p>\n","protected":false},"excerpt":{"rendered":"<p>Angaben gem\u00e4\u00df \u00a7 5 TMG: Rat + R\u00f6sch Messebau-Werbung UG (haftungsbeschr\u00e4nkt) Gerhard-Ellrodt-Stra\u00dfe 29 a,b 04249 Leipzig Vertreten durch: Kay R\u00fcdiger (Gesch\u00e4ftsf\u00fchrer) Kontakt: Fon: +49 (0) 341 42 05 07 56 Fax: +49 (0) 341 94 68 70 63 E-Mail: info[a]messebau-werbung.de Aufsichtsbeh\u00f6rde: IHK Leipzig Goerdelerring 5 04109 &hellip; <\/p>\n<p><a href=\"https:\/\/messebau-werbung.de\/?page_id=90\" class=\"more-link\"><span class=\"morelink-icon\">Weiterlesen<\/span><\/a><\/p>\n","protected":false},"author":1,"featured_media":0,"parent":0,"menu_order":0,"comment_status":"closed","ping_status":"closed","template":"page-templates\/no-sidebar.php","meta":[],"_links":{"self":[{"href":"https:\/\/messebau-werbung.de\/index.php?rest_route=\/wp\/v2\/pages\/90"}],"collection":[{"href":"https:\/\/messebau-werbung.de\/index.php?rest_route=\/wp\/v2\/pages"}],"about":[{"href":"https:\/\/messebau-werbung.de\/index.php?rest_route=\/wp\/v2\/types\/page"}],"author":[{"embeddable":true,"href":"https:\/\/messebau-werbung.de\/index.php?rest_route=\/wp\/v2\/users\/1"}],"replies":[{"embeddable":true,"href":"https:\/\/messebau-werbung.de\/index.php?rest_route=%2Fwp%2Fv2%2Fcomments&post=90"}],"version-history":[{"count":16,"href":"https:\/\/messebau-werbung.de\/index.php?rest_route=\/wp\/v2\/pages\/90\/revisions"}],"predecessor-version":[{"id":1384,"href":"https:\/\/messebau-werbung.de\/index.php?rest_route=\/wp\/v2\/pages\/90\/revisions\/1384"}],"wp:attachment":[{"href":"https:\/\/messebau-werbung.de\/index.php?rest_route=%2Fwp%2Fv2%2Fmedia&parent=90"}],"curies":[{"name":"wp","href":"https:\/\/api.w.org\/{rel}","templated":true}]}}